91*c + 38. Is u(-1) composite?
False
Let g(p) = 13965*p**2 - 375*p - 4553. Is g(-12) a prime number?
False
Let g(l) = 11035*l + 29. Suppose -8*u - 42 + 90 = 0. Is g(u) prime?
True
Suppose -3*d + 188903 = -w, -5*d - 6*w = -w - 314865. Is d prime?
True
Suppose 0 = a + 2 - 16. Is 4/a + (45846/14 - 4) a prime number?
True
Let a(g) = 28*g**2 + 6*g - 164. Let k be a(-18). Let s = k - -16933. Is s composite?
False
Let n(h) = 27348*h + 601. Is n(4) a composite number?
True
Let b(k) = -k**3 + 2*k**2 + k - 1. Let o(z) = -14*z**3 + 6*z**2 + 26*z + 12. Let i(a) = 5*b(a) - o(a). Is i(10) composite?
False
Let k(a) = 3*a - 29. Let s be k(10). Let r be 2 - (3 + s - 8819). Suppose r = -9*d + 24666. Is d a prime number?
False
Let r be 1927/3 - 1/3. Let h = -3873 + 3498. Let l = h + r. Is l composite?
True
Is (6213/76)/(4/5 - (-82563)/(-103260)) a composite number?
True
Suppose 3*c = 3*l + 1259217, -24*l - 16 = -28*l. Is c prime?
True
Suppose 8*y = 852 + 1860. Let d = y - -580. Let r = d + -81. Is r a composite number?
True
Let y(h) be the third derivative of 19*h**8/20160 + h**7/2520 - h**6/120 - h**5/20 - 3*h**2. Let f(n) be the third derivative of y(n). Is f(5) composite?
False
Let m be ((-12)/(-9) - -2)*3. Let a(o) = 13*o**2 + 19*o - 7. Let q(p) = -28*p**2 - 39*p + 13. Let i(z) = 13*a(z) + 6*q(z). Is i(m) composite?
True
Suppose 1726038 = 60*n + 9*n - 44709. Is n composite?
True
Let c be (404/(-6))/((-6)/18). Suppose -12*t - 638 = c. Is (-2610)/t - (-4)/(-42)*3 composite?
False
Let m be 5343 + -2 + -5 + 5. Let z = -3184 + m. Is z prime?
False
Let u(a) = -64*a**2 - 26*a + 53. Let t be u(10). Is t*(2 + 6)/(-8) prime?
True
Let s(w) = 2*w + 23*w**2 - 358 + 383 + 8*w. Is s(16) a prime number?
True
Let l = 123 + -127. Is (3 - 2)*4178 + (l - -3) prime?
True
Suppose -2*u + 2*k = -14, 7*u - 6*u - 2*k - 8 = 0. Let w(y) = 104*y**2 + 4*y + 25. Is w(u) a prime number?
True
Let u(o) = 2880*o**2 - 314*o + 1589. Is u(5) composite?
False
Let k be -36*(2/4)/(8/(-228)). Let p = 209 - 349. Let r = k + p. Is r prime?
True
Let f(y) = 17*y**2 + 4*y. Let q(k) = -k**2 - 15*k + 39. Let x = 33 + -50. Let w be q(x). Is f(w) prime?
False
Suppose -132 = 3*u - 141. Suppose -u*p + 114101 = 4*m, 5*p - 39004 - 151211 = 5*m. Is p composite?
False
Suppose -18*p + 33481 + 20951 = 0. Let r be ((-1)/(-2))/(1/(-3954)). Let z = p + r. Is z a composite number?
True
Suppose 0 = 12*m - 8*m - j - 278494, -5*m + 2*j = -348119. Is m prime?
True
Suppose -6*r + 271962 = -78924. Is r a composite number?
False
Is (8 - (-138)/(-18)) + (-4575282)/(-9) + -2 a composite number?
False
Is ((-2)/12)/((-18)/(-27))*-78252 composite?
True
Is (26097 - (1 + 10))/(-1 - -3) a composite number?
False
Suppose -2167641 + 481047 = -182*t. Is t a prime number?
False
Suppose 202*v + 194*v - 57161970 = 126*v. Is v prime?
True
Let s(w) = -3*w**3 + 7*w**2 + 64*w + 249. Is s(-29) prime?
True
Let n = 1131 + -1132. Let p(q) = -2*q**3 - 2*q**2 - 3*q - 1. Let t be p(-2). Is (n - -908)/(t + -12) prime?
True
Let j(s) be the third derivative of 43*s**4/3 + 73*s**3/6 + 16*s**2 + 3*s. Is j(12) composite?
False
Suppose -p = 5*g - 146152, 66*g - 438552 = -3*p + 67*g. Is p composite?
True
Let b = 120 + -101. Suppose -17*i + b*i = 4*h + 4498, 4498 = 2*i - 2*h. Is i a prime number?
False
Let c(u) = u**2 + 8*u + 17. Let s = -44 - -18. Let q = s - -10. Is c(q) prime?
False
Let r(t) be the second derivative of 5/12*t**4 - 7/3*t**3 - 9/2*t**2 + 0 - 6*t. Is r(5) prime?
False
Let q(m) = -9*m**3 - 7*m**2 + 9*m - 13. Let d be q(5). Let h = d + 3253. Is h a prime number?
False
Suppose d + 4*k = 21, 16*k - 21*k = -5*d + 30. Let m(j) = -j**3 + 11*j**2 + j + 32. Is m(d) prime?
False
Let b = -2468346 + 3907055. Is b a composite number?
False
Suppose 0 = 4*j - 13 + 5. Suppose o + i - 570 = 0, -j*o + 1715 = o + 2*i. Suppose o + 604 = 9*t. Is t a prime number?
True
Let j be (-22)/66 - (5401/(-3) + -1). Suppose 5*d - d + q = -j, -4*d = 3*q + 1803. Let l = d + 1073. Is l a composite number?
True
Suppose 37530 = 2*w - 4*x, -2*w = 18*x - 13*x - 37566. Is w a composite number?
False
Suppose 0 = 6*q - 16*q + 438290. Is q a composite number?
True
Let i(k) = -461*k + 17 - 201*k - 494*k + 114*k. Is i(-2) a composite number?
True
Suppose 4 = v - 1. Suppose -2*f + f + v*n + 303 = 0, -5*f + n + 1467 = 0. Is f a prime number?
True
Let k(o) = 4935*o**2 - 28*o - 131. Is k(-6) prime?
False
Let p be 2*-2 + (37780 - 22). Suppose 0 = 5*k + 2*f + 11271 - p, -4*k - 4*f + 21184 = 0. Is k composite?
False
Is (33/(-66))/((-2)/(-5403152)*-4) a composite number?
False
Let k = 82 + -72. Suppose 4416 = k*x - 854. Is x composite?
True
Suppose 11*z - 1220 = 6*z. Let h = -33 + z. Is h a composite number?
False
Let m(j) = 4274*j**3 + 57*j - 120. Is m(2) composite?
True
Suppose 0*w + 16 = 2*w. Suppose -w*b = -1678 - 2514. Is 2*b/16*2 composite?
False
Let i = -1406 - 554. Let p = i - -5453. Is p a composite number?
True
Let f(r) = r**3 - 8*r**2 + 24*r - 5. Suppose 11 + 9 = 5*g, -5*g = 4*b - 44. Is f(b) a composite number?
False
Suppose -183*v - 482322 = -189*v. Is v composite?
False
Let b(k) = -9*k**3 - k**2 - 33*k - 87. Is b(-8) a composite number?
False
Suppose 487 = g - 4*p - 564, 5230 = 5*g + 5*p. Let j = 215 + g. Suppose 2*z + o = j, -2*z - 1262 = -4*z + 3*o. Is z composite?
False
Suppose 17*v = -2232596 + 11491425. Is v composite?
True
Let d(x) = -186*x + 23. Let m(b) = 1 - 21 + 4 + 185*b - 7. Let u(s) = 3*d(s) + 2*m(s). Is u(-6) prime?
True
Suppose -2688497 = -9*i - 308114. Is i a composite number?
False
Let x(r) = 9*r**3 - 3*r**2 - r - 11. Let p be x(-4). Let q = 2362 + p. Is q composite?
True
Let z(v) = 31*v**2 - 14*v - 513. Let w(y) = 16*y**2 - 7*y - 277. Let p(q) = -11*w(q) + 6*z(q). Suppose 24 - 4 = i. Is p(i) prime?
False
Let c(j) be the second derivative of -4006*j**3/3 - 7*j**2/2 - 105*j. Is c(-3) prime?
True
Suppose 2*q - 4 = n - 2*n, -3 = q + 3*n. Suppose 18126 + 18108 = 9*w. Suppose 3*y - w = -q*y. Is y prime?
False
Let t(u) = 391 + 4*u + 0*u - 98. Let w be (30 - 15) + -1*15. Is t(w) a prime number?
True
Suppose -6*v = 4*u + 3*v - 3728307, 4*v = -u + 932075. Is u a prime number?
False
Let c = -186 + 48. Let o = -71 - c. Is o composite?
False
Is 6/3 + 308460 + (-59)/59 a prime number?
False
Let h be 4 + (1/2)/((-8)/176). Is 7969/((1 - -7) + h) composite?
True
Let n(v) = -18*v - 2. Let c be n(-1). Suppose -19322 = -c*s + 67254. Is s a composite number?
True
Suppose -16*q = -77*q - 220*q + 279361489. Is q prime?
False
Let p(y) = -929*y + 13. Let s(k) = -931*k + 14. Let g(x) = 2*p(x) - 3*s(x). Is g(1) a composite number?
False
Let j(u) = -13*u - 50. Let p be j(-4). Let y(f) = -16*f - 5*f**2 + 18*f - 230*f**3 - 886*f**3 + 6*f**p. Is y(-1) a composite number?
True
Let s be 1/2*-2 + 6/2. Suppose -4*r = -s*g + 10596, -19332 = -5*g + r + 7131. Suppose 3*d - g = -525. Is d prime?
False
Let h = 511598 - 364819. Is h a prime number?
False
Suppose x + 1491 = -6*x. Let b = -1750 - -716. Let f = x - b. Is f a composite number?
False
Let o be (-34 + 0)*1*12/(-8). Let x = o + -48. Suppose 0*v - 51 = -5*b - x*v, 0 = 2*b + 3*v - 24. Is b a composite number?
True
Let j = -58 - -67. Suppose 0 = -3*x - 2*c + 3305, j*c - 4*c = -2*x + 2196. Is x prime?
True
Suppose -y - 7*y = 8*y. Suppose y*j - 24394 = -2*j - l, -24386 = -2*j - 3*l. Is j a composite number?
True
Let a be ((2 - -1) + 9 + -12)/(-2). Let f be 2962 - ((5 - 0) + -2). Suppose a = 3*x - f - 872. Is x a prime number?
True
Suppose -18*u + 24*u = -29274. Let l = -959 - u. Let v = l - -2033. Is v prime?
True
Suppose -17*f + 22*f = l + 4790613, -958081 = -f - 5*l. Is f composite?
False
Let k(q) = q + 39*q**2 - 75*q**2 - 17 + 43*q**2. Let s be k(-6). Suppose -404 - s = -3*n. Is n a prime number?
True
Suppose 0 = -4*d + 4*g - 2*g + 26, -d = -3*g - 9. Is d/4*50002/69 prime?
True
Let f(j) = -j**3 + 17*j + 1. Let a be f(4). Let x(w) = -w**3 - a*w**2 + 3*w**3 - w**3 - 2*w**2 - 20 + 5*w. Is x(9) a composite number?
True
Let z = 1549304 + -546777. Is z composite?
False
Let w = 10 + 7. Suppose -w*g + 16882 = 6*g. Is g a composite number?
True
Suppose 12 = -0*c + 2*c. Let f be (4/c)/(2/12). Suppose 638 = z + 5*b, 0*z - 5*z + f*b = -3045. Is z prime?
True
Let x(t) = -7*t**3 + t**2 + 15*t + 53. Let w = 410 - 416. Is x(w) a prime number?
True
Let h(j) =